culate the greatest common divisor of b and 10.
10
Suppose -3 = -w + 11. Calculate the greatest common factor of w and 21.
7
Let r = -50 + -7. Let u = -15 - r. Suppose -57 = -3*o + u. What is the greatest common divisor of o and 3?
3
Let p(n) = -n + 5. Let i be p(-7). Calculate the highest common divisor of i and 108.
12
Suppose -3*x = -6*x + 27. Let j = x + -7. Let z(n) = 40*n - 2. Let w be z(j). Calculate the highest common factor of w and 13.
13
Suppose 2*t - 2*d - 64 = 0, 0 = -t - 0*t - 5*d + 56. Let r = -134 - -152. What is the highest common factor of t and r?
18
Suppose -5*h = 2 + 3, 0 = -4*m + h + 41. Let l(d) = d**2 - 7*d - 8. Let z be l(-7). Calculate the highest common factor of z and m.
10
Suppose 0*s + 3*s = -3*u + 21, -5*u + 4*s = -53. What is the highest common factor of u and 81?
9
Suppose 3*s = -4*v - 0*v + 25, 3*v - 3 = 3*s. Suppose -3*z + 2*a = -2*z - 22, -z = 2*a - 14. Calculate the greatest common divisor of z and s.
3
Let n(r) = -r**3 + 5*r**2 + 2*r + 4. Let q be n(5). Suppose q = o - 16. Calculate the greatest common factor of o and 45.
15
Let m = 3 + -1. Let q(w) = 8*w + 3. Let c be q(1). Suppose -5*u + 5*x = -9 - c, 4*u = -5*x + 7. Calculate the highest common divisor of u and m.
1
Let r(i) = 8*i. Suppose 0 = -2*z - 0 + 2. Let b be r(z). Calculate the highest common divisor of b and 24.
8
Let m(h) = h**3 + 2*h**2 - h. Let p be m(1). Suppose -7*k = -p*k - 40. What is the greatest common factor of k and 20?
4
Let q be (-12)/78 + (-2251)/(-13). Suppose 3*i - 79 = q. Calculate the highest common factor of i and 21.
21
Let t(y) = 5*y**2 + 2*y + 3. Let z be t(-2). What is the greatest common divisor of 209 and z?
19
Suppose -40 + 116 = 4*i. Calculate the greatest common divisor of 38 and i.
19
Let b(q) = q**2 + 3*q - 7. Let w be b(-5). Calculate the highest common divisor of 21 and w.
3
Let q(l) = -l - 5. Let d be q(-9). Suppose -3*u + 2 = d*i - 4, 0 = -2*u + 2*i + 4. Let m be 2 - u*(-53 + 0). Calculate the highest common divisor of m and 12.
12
Suppose 3*q - 95 = 13. Let r = -25 + 25. Let n be 4 - 1/2*r. What is the greatest common factor of q and n?
4
Let g be (-110)/(-30) - (-2)/6. Let q = 12 - 8. What is the greatest common divisor of q and g?
4
Let z be (-1)/(-4) + 550/40. What is the highest common factor of z and 14?
14
Let p = 8 - 6. Let k(q) = q**2 + 7*q + 9. Let y be k(-6). Suppose -m = p*b - 12 - 16, 4*m = -y*b + 42. What is the highest common factor of 35 and b?
7
Let r be (4*3/2)/2. Suppose r*h + h = 268. Let n = 99 - h. Calculate the greatest common factor of n and 8.
8
Let i be -5*-1*4/10. Let j be i/(-8) - 903/(-28). What is the highest common factor of 8 and j?
8
Let c(d) = -40*d + 6. Let y be c(-3). Suppose -42 = 2*l - 4*l. Calculate the highest common divisor of l and y.
21
Suppose -5*f + 4*a = -377, 3*f = a - 5*a + 239. Let i = f - -28. What is the greatest common factor of i and 15?
15
Let j(v) = -2*v**3 - v**2 + 3*v + 4. Let p be j(-2). Calculate the highest common factor of p and 4.
2
Suppose 0 = 4*o + 2*z - 16, 3*z - 10 = -4*o + 5*o. Let l = o - -25. What is the greatest common divisor of 9 and l?
9
Let x = 7 - -368. What is the greatest common divisor of 25 and x?
25
Suppose j + 4*j = u + 1, 4*j = -4*u + 20. Suppose -28 = -u*n + 5*a + 22, 3*a - 6 = 0. Calculate the highest common factor of 3 and n.
3
Let z(d) = 32*d**2 + 3*d - 9. Let c be z(-3). What is the greatest common divisor of c and 30?
30
Suppose 2*y = -504 + 1402. Suppose -4*g - 5*u + y = -4*u, -5*u = -5. Let m(r) = -r + 16. Let j be m(0). What is the greatest common divisor of g and j?
16
Let o(z) = 2*z**3 - 4*z**2 + 2*z - 1. Let n be o(3). Calculate the greatest common factor of 230 and n.
23
Let u(r) = r + 37. Let y be u(-15). What is the greatest common factor of 198 and y?
22
Let k(w) = w**2 - 4*w - 2. Let f be k(5). Let m = -1 - f. Let j be (m + 8)/((-2)/(-12)). Calculate the greatest common divisor of 6 and j.
6
Suppose 4 = 2*n - 3*w - 5, -4*n + 43 = -w. Let l be 9/6*(-2)/(-1). What is the highest common divisor of l and n?
3
Suppose 3*n = n - 6. Let g = n + 9. What is the greatest common factor of g and 24?
6
Suppose 0 = -0*t - t + 3. Let x(q) = 3*q - 3. Let m be x(t). Let c = 50 + -26. Calculate the greatest common divisor of m and c.
6
Suppose -25 = 5*w - 0. Let m(l) = -l**3 - 6*l**2 - 5*l + 1. Let t be m(w). Let z be 4 - (9/1)/3. What is the highest common factor of z and t?
1
Let b(p) = -p**2 - 4*p + 4. Let f be b(-5). Let s = f + 43. What is the highest common divisor of 14 and s?
14
Let f(v) = 21*v. Let r be f(2). Calculate the greatest common divisor of 21 and r.
21
Let f = 73 + -41. Let c = -4 + -4. Let j = 16 + c. What is the greatest common divisor of j and f?
8
Suppose 0 = 3*v - 0*y + 2*y - 3, 4*y + 3 = 3*v. Suppose 73 = 2*a + v. What is the greatest common divisor of a and 9?
9
Suppose 4*o - 4*l = o + 348, -3*o + l + 339 = 0. Suppose -o = -0*i - 2*i. Let s = -38 + 46. What is the highest common factor of i and s?
8
Suppose 0 = -6*v + 3*v + 2*w + 22, -3*v + w = -23. Suppose -4*j + 24 = v. What is the highest common divisor of 1 and j?
1
Let n = -18 - -28. Let w be (-4)/(-18) + 536/18. What is the greatest common divisor of w and n?
10
Let x = 4 - -4. Suppose 6*r = 4*r + x. Suppose 30 = 2*y + r*k, -2*k - 140 = -5*y + k. Calculate the highest common divisor of y and 10.
5
Suppose 4*m - 3 = 1, -5*a = -2*m - 43. Let h(v) = v**3 - 8*v**2 - 9*v + 1. Let i be h(a). Calculate the greatest common factor of 5 and i.
1
Let z = 19 - 16. Calculate the highest common divisor of 24 and z.
3
Suppose 5*r = 4*t + 8, -3*t + r - 2 = -7. Suppose 0 = -4*n + 3*l - 8 + 110, n - t*l = 30. Calculate the greatest common divisor of 8 and n.
8
Let g be -1 + 3 + -4 + 4. Let s(f) = 3*f**2 - 4*f + 2. Let z be s(g). Suppose 4*o - 40 = 80. What is the highest common divisor of z and o?
6
Suppose 3 = 3*b - 3*n, 2*b + 6 = 6*b - 3*n. Suppose -4*i + 2*z + 46 = 0, 10 = -2*z - 0*z. Calculate the highest common factor of i and b.
3
Let g be 56 - (-3 + 3 + 1). What is the highest common divisor of 5 and g?
5
Let b = 29 - 18. Let y be ((-14)/8)/((-3)/12). Let s = b - y. Calculate the greatest common divisor of 44 and s.
4
Let j be -3 + 2/(-2 + 152/74). What is the highest common factor of 51 and j?
17
Let l(w) = -w**2 + w + 4. Let y be l(0). Let h be y/6 + 10/3. What is the greatest common factor of h and 4?
4
Suppose 0 = 3*i - 4*w - 182, 113 = -12*i + 14*i - w. Let h = -222 + 357. What is the greatest common divisor of i and h?
27
Let f(x) = 39*x - 1. Let v be f(1). Suppose 0 = -21*m + 1439 + 556. Calculate the greatest common factor of v and m.
19
Suppose -3*f + r = -436, -3*f + 2*r + 0*r = -431. Let m be 4/2 - (-16 - 3). Calculate the highest common divisor of f and m.
21
Let z be 4/22 + (-186)/(-66). Suppose y - 2*i = -i + 1, 3*y = -3*i + z. Let u be -2 - (y + -16 - 1). What is the greatest common factor of 56 and u?
14
Suppose 0 = 4*d - 6*d + 26. What is the highest common factor of 39 and d?
13
Let d = 4 + 36. What is the highest common factor of 100 and d?
20
Let r(f) = 58*f**2 + f. Let z be r(1). Let u = z + -10. What is the highest common factor of u and 7?
7
Suppose -5*m + 0*m - 17 = 3*b, -1 = -3*m + b. Let n be 2/(m - -3)*-11. Let l = n + 22. Calculate the highest common divisor of l and 1.
1
Let u = 7 + 13. What is the greatest common factor of u and 40?
20
Suppose 0*o - 4*o = -16. Suppose 0*x + o*l - 3 = -5*x, 5*l + 12 = -x. Let r be 1165/55 - 2/11. What is the greatest common divisor of r and x?
3
Let i(z) = -z**2 + 7*z + 4. Let a be i(6). Let m = 15 - a. Suppose c - 139 = -m*d - 3*c, 0 = -4*d - 2*c + 110. Calculate the greatest common divisor of 3 and d.
3
Let n = 8 + 14. What is the highest common factor of n and 11?
11
Let f = -20 - -12. Let r = -1 - 2. Let p = r - f. Calculate the greatest common divisor of 2 and p.
1
Suppose 6*s + 1 = -5*w + 10*s, w - 3*s = -9. What is the greatest common divisor of w and 33?
3
Let y be (4/3)/(2/159). Suppose -y = 4*d - 3*d. Let h be d/(-14) + 6/14. What is the highest common factor of 12 and h?
4
Suppose 2*l = 26 + 16. Calculate the greatest common divisor of 84 and l.
21
Suppose 4*t - 2 = -2*h, -2*t + t + 5 = 5*h. Let y = 3 - h. Suppose -4 + 3 = -u. What is the greatest common factor of y and u?
1
Let o = 